{"id":47,"date":"2019-06-24T11:47:01","date_gmt":"2019-06-24T14:47:01","guid":{"rendered":"http:\/\/pinaculo.com.br\/blog\/?page_id=47"},"modified":"2019-06-25T08:06:29","modified_gmt":"2019-06-25T11:06:29","slug":"sobre","status":"publish","type":"page","link":"https:\/\/pinaculo.com.br\/blog\/sobre\/","title":{"rendered":"Sobre"},"content":{"rendered":"\n<p>Com sede na cidade de Taquara, Rio Grande do Sul, a Pin\u00e1culo assume com seus colaboradores e clientes desde fevereiro de 1997, o compromisso de proporcionar solu\u00e7\u00f5es confi\u00e1veis em tecnologia, com responsabilidade e \u00e9tica. Os mais de 20 anos de atua\u00e7\u00e3o no mercado de telecomunica\u00e7\u00f5es e seguran\u00e7a s\u00e3o o resultado de um trabalho focado na satisfa\u00e7\u00e3o total dos clientes.<\/p>\n\n\n\n<p>Em 2019 criamos mais um canal de comunica\u00e7\u00e3o com nossos clientes: o Blog da Pin\u00e1culo. Com conte\u00fado voltado para a \u00e1rea de INTERFONIA CELULAR, as principais d\u00favidas e assuntos que encontramos desde 2014, quando a primeira central de interfonia celular da Pin\u00e1culo foi lan\u00e7ada no mercado brasileiro.<\/p>\n\n\n\n<p>Acesse e fique \u00e0 vontade de nos encaminhar sua d\u00favida.<\/p>\n","protected":false},"excerpt":{"rendered":"<p>Com sede na cidade de Taquara, Rio Grande do Sul, a Pin\u00e1culo assume com seus colaboradores e clientes desde fevereiro de 1997, o compromisso de proporcionar solu\u00e7\u00f5es confi\u00e1veis em tecnologia, com responsabilidade e \u00e9tica. Os mais de 20 anos de atua\u00e7\u00e3o no mercado de telecomunica\u00e7\u00f5es e seguran\u00e7a s\u00e3o o resultado de um trabalho focado na &hellip;<\/p>\n<p class=\"read-more\"> <a class=\"\" href=\"https:\/\/pinaculo.com.br\/blog\/sobre\/\"> <span class=\"screen-reader-text\">Sobre<\/span> Leia mais &raquo;<\/a><\/p>\n","protected":false},"author":1,"featured_media":0,"parent":0,"menu_order":0,"comment_status":"closed","ping_status":"closed","template":"","meta":{"site-sidebar-layout":"","site-content-layout":"","ast-main-header-display":"","ast-hfb-above-header-display":"","ast-hfb-below-header-display":"","ast-hfb-mobile-header-display":"","site-post-title":"","ast-breadcrumbs-content":"","ast-featured-img":"","footer-sml-layout":"","theme-transparent-header-meta":"","adv-header-id-meta":"","stick-header-meta":"","header-above-stick-meta":"","header-main-stick-meta":"","header-below-stick-meta":""},"yoast_head":"<!-- This site is optimized with the Yoast SEO plugin v17.6 - https:\/\/yoast.com\/wordpress\/plugins\/seo\/ -->\n<title>Sobre - Blog Pinaculo<\/title>\n<meta name=\"robots\" content=\"index, follow, max-snippet:-1, max-image-preview:large, max-video-preview:-1\" \/>\n<link rel=\"canonical\" href=\"https:\/\/pinaculo.com.br\/blog\/sobre\/\" \/>\n<meta property=\"og:locale\" content=\"pt_BR\" \/>\n<meta property=\"og:type\" content=\"article\" \/>\n<meta property=\"og:title\" content=\"Sobre - Blog Pinaculo\" \/>\n<meta property=\"og:description\" content=\"Com sede na cidade de Taquara, Rio Grande do Sul, a Pin\u00e1culo assume com seus colaboradores e clientes desde fevereiro de 1997, o compromisso de proporcionar solu\u00e7\u00f5es confi\u00e1veis em tecnologia, com responsabilidade e \u00e9tica. Os mais de 20 anos de atua\u00e7\u00e3o no mercado de telecomunica\u00e7\u00f5es e seguran\u00e7a s\u00e3o o resultado de um trabalho focado na &hellip; Sobre Leia mais &raquo;\" \/>\n<meta property=\"og:url\" content=\"https:\/\/pinaculo.com.br\/blog\/sobre\/\" \/>\n<meta property=\"og:site_name\" content=\"Blog Pinaculo\" \/>\n<meta property=\"article:modified_time\" content=\"2019-06-25T11:06:29+00:00\" \/>\n<meta name=\"twitter:card\" content=\"summary_large_image\" \/>\n<meta name=\"twitter:label1\" content=\"Est. tempo de leitura\" \/>\n\t<meta name=\"twitter:data1\" content=\"1 minuto\" \/>\n<script type=\"application\/ld+json\" class=\"yoast-schema-graph\">{\"@context\":\"https:\/\/schema.org\",\"@graph\":[{\"@type\":\"WebSite\",\"@id\":\"https:\/\/pinaculo.com.br\/blog\/#website\",\"url\":\"https:\/\/pinaculo.com.br\/blog\/\",\"name\":\"Blog Pinaculo\",\"description\":\"\",\"potentialAction\":[{\"@type\":\"SearchAction\",\"target\":{\"@type\":\"EntryPoint\",\"urlTemplate\":\"https:\/\/pinaculo.com.br\/blog\/?s={search_term_string}\"},\"query-input\":\"required name=search_term_string\"}],\"inLanguage\":\"pt-BR\"},{\"@type\":\"WebPage\",\"@id\":\"https:\/\/pinaculo.com.br\/blog\/sobre\/#webpage\",\"url\":\"https:\/\/pinaculo.com.br\/blog\/sobre\/\",\"name\":\"Sobre - Blog Pinaculo\",\"isPartOf\":{\"@id\":\"https:\/\/pinaculo.com.br\/blog\/#website\"},\"datePublished\":\"2019-06-24T14:47:01+00:00\",\"dateModified\":\"2019-06-25T11:06:29+00:00\",\"breadcrumb\":{\"@id\":\"https:\/\/pinaculo.com.br\/blog\/sobre\/#breadcrumb\"},\"inLanguage\":\"pt-BR\",\"potentialAction\":[{\"@type\":\"ReadAction\",\"target\":[\"https:\/\/pinaculo.com.br\/blog\/sobre\/\"]}]},{\"@type\":\"BreadcrumbList\",\"@id\":\"https:\/\/pinaculo.com.br\/blog\/sobre\/#breadcrumb\",\"itemListElement\":[{\"@type\":\"ListItem\",\"position\":1,\"name\":\"In\\u00edcio\",\"item\":\"https:\/\/pinaculo.com.br\/blog\/\"},{\"@type\":\"ListItem\",\"position\":2,\"name\":\"Sobre\"}]}]}<\/script>\n<!-- \/ Yoast SEO plugin. -->","yoast_head_json":{"title":"Sobre - Blog Pinaculo","robots":{"index":"index","follow":"follow","max-snippet":"max-snippet:-1","max-image-preview":"max-image-preview:large","max-video-preview":"max-video-preview:-1"},"canonical":"https:\/\/pinaculo.com.br\/blog\/sobre\/","og_locale":"pt_BR","og_type":"article","og_title":"Sobre - Blog Pinaculo","og_description":"Com sede na cidade de Taquara, Rio Grande do Sul, a Pin\u00e1culo assume com seus colaboradores e clientes desde fevereiro de 1997, o compromisso de proporcionar solu\u00e7\u00f5es confi\u00e1veis em tecnologia, com responsabilidade e \u00e9tica. Os mais de 20 anos de atua\u00e7\u00e3o no mercado de telecomunica\u00e7\u00f5es e seguran\u00e7a s\u00e3o o resultado de um trabalho focado na &hellip; Sobre Leia mais &raquo;","og_url":"https:\/\/pinaculo.com.br\/blog\/sobre\/","og_site_name":"Blog Pinaculo","article_modified_time":"2019-06-25T11:06:29+00:00","twitter_card":"summary_large_image","twitter_misc":{"Est. tempo de leitura":"1 minuto"},"schema":{"@context":"https:\/\/schema.org","@graph":[{"@type":"WebSite","@id":"https:\/\/pinaculo.com.br\/blog\/#website","url":"https:\/\/pinaculo.com.br\/blog\/","name":"Blog Pinaculo","description":"","potentialAction":[{"@type":"SearchAction","target":{"@type":"EntryPoint","urlTemplate":"https:\/\/pinaculo.com.br\/blog\/?s={search_term_string}"},"query-input":"required name=search_term_string"}],"inLanguage":"pt-BR"},{"@type":"WebPage","@id":"https:\/\/pinaculo.com.br\/blog\/sobre\/#webpage","url":"https:\/\/pinaculo.com.br\/blog\/sobre\/","name":"Sobre - Blog Pinaculo","isPartOf":{"@id":"https:\/\/pinaculo.com.br\/blog\/#website"},"datePublished":"2019-06-24T14:47:01+00:00","dateModified":"2019-06-25T11:06:29+00:00","breadcrumb":{"@id":"https:\/\/pinaculo.com.br\/blog\/sobre\/#breadcrumb"},"inLanguage":"pt-BR","potentialAction":[{"@type":"ReadAction","target":["https:\/\/pinaculo.com.br\/blog\/sobre\/"]}]},{"@type":"BreadcrumbList","@id":"https:\/\/pinaculo.com.br\/blog\/sobre\/#breadcrumb","itemListElement":[{"@type":"ListItem","position":1,"name":"In\u00edcio","item":"https:\/\/pinaculo.com.br\/blog\/"},{"@type":"ListItem","position":2,"name":"Sobre"}]}]}},"_links":{"self":[{"href":"https:\/\/pinaculo.com.br\/blog\/wp-json\/wp\/v2\/pages\/47"}],"collection":[{"href":"https:\/\/pinaculo.com.br\/blog\/wp-json\/wp\/v2\/pages"}],"about":[{"href":"https:\/\/pinaculo.com.br\/blog\/wp-json\/wp\/v2\/types\/page"}],"author":[{"embeddable":true,"href":"https:\/\/pinaculo.com.br\/blog\/wp-json\/wp\/v2\/users\/1"}],"replies":[{"embeddable":true,"href":"https:\/\/pinaculo.com.br\/blog\/wp-json\/wp\/v2\/comments?post=47"}],"version-history":[{"count":2,"href":"https:\/\/pinaculo.com.br\/blog\/wp-json\/wp\/v2\/pages\/47\/revisions"}],"predecessor-version":[{"id":89,"href":"https:\/\/pinaculo.com.br\/blog\/wp-json\/wp\/v2\/pages\/47\/revisions\/89"}],"wp:attachment":[{"href":"https:\/\/pinaculo.com.br\/blog\/wp-json\/wp\/v2\/media?parent=47"}],"curies":[{"name":"wp","href":"https:\/\/api.w.org\/{rel}","templated":true}]}}